g = 18958 + -18892. Calculate the greatest common factor of g and 11902.
22
Let a = 310 + -174. Suppose 5*p = 3*p + 8, 4*j = 4*p - 68. Let g = j - -30. What is the greatest common divisor of a and g?
17
Let k(z) = -26*z**2 - 4*z + 7. Let u be k(-5). Let s = u - -1283. Suppose s = -0*b + 5*b. Calculate the highest common factor of 88 and b.
44
Let h be ((-260)/(-6))/((-8)/(-12)). Let s be 230724/(-7395)*75/(-2). What is the highest common divisor of s and h?
65
Suppose -16*o + 5*o + 539 = 0. Suppose 4*b - 7*b = 72. Let q = b + o. What is the greatest common factor of q and 25?
25
Let q be -3 + (296/6)/(16/24). Let p = -67 + q. Suppose -5*w - 76 = -0*f - 2*f, 0 = p*f - w - 152. What is the greatest common divisor of 95 and f?
19
Let h be (-1050)/168*(-144)/10. What is the highest common divisor of h and 885?
15
Suppose -736 + 43 = 99*z. Let r(g) = -5*g - 3*g - 10*g - 21. Let t be r(z). What is the highest common divisor of 42 and t?
21
Let t = 6 + 36. Suppose -45*c + 69 = -t*c. Calculate the greatest common factor of c and 529.
23
Suppose -16*z + 683 - 266 = -1887. Calculate the greatest common factor of z and 306.
18
Suppose -61*x = 75*x - 541280. What is the greatest common factor of 80 and x?
20
Let d be 2*((3 - 3) + 2). Let y be 6 + (d - 2) - 1. Let c be (-3 + y + 7)/1. Calculate the highest common divisor of 11 and c.
11
Suppose -2436 = -5*b - 2*y - 77, 5*b = 2*y + 2351. Suppose -9*u + b + 1068 = 0. Calculate the highest common divisor of u and 114.
57
Let x = -5917 - -6016. What is the highest common factor of x and 873?
9
Suppose 0 = -85*z + 100*z - 795. Let n(v) = -18*v - 1. Let j be n(-2). Let b = z - j. What is the highest common factor of 45 and b?
9
Let x(k) = -9 + 91 + 17*k + 21*k - 33*k. Let g be x(-15). Suppose 4*i + 2*n - 408 = -n, 4*i = -2*n + 412. What is the greatest common factor of i and g?
7
Let b = -911 + 2255. What is the highest common factor of 840 and b?
168
Let n = -7 + 11. Let w = 88 - 85. Suppose 0 = 2*x - w*i + 9, n*i - 5 = 5*x - 0*i. Calculate the greatest common divisor of x and 1.
1
Suppose -15*u - 119 = -22*u. Let n(d) = 13*d**2 - 2*d. Let h be n(-9). Let v be ((-6)/9)/((-6)/h). What is the highest common factor of v and u?
17
Let n(q) = 860*q + 4301. Let l be n(-5). What is the highest common divisor of l and 41?
1
Let i(f) = -f**3 - 7*f**2 + 45*f + 156. Let o be i(-12). What is the highest common divisor of 1596 and o?
84
Let f be 20/8*258/15. Suppose -4160 = -f*s + 23*s. Calculate the highest common factor of 16 and s.
16
Let l(t) = t**3 + 80. Let p be l(0). Let c = 39191 + -39175. Calculate the highest common divisor of c and p.
16
Let q be ((-14)/(-4))/(3/3)*10. Suppose 40*k - q = 47*k. Let p be (-4)/(0 + k/165). Calculate the greatest common factor of 12 and p.
12
Suppose -132*h + 8706 = 3426. Let j(m) = 60*m**2 - m + 1. Let b be j(1). Calculate the greatest common divisor of h and b.
20
Suppose -42*z + 46*z - 3*u - 2334 = 0, -u = -3*z + 1753. Calculate the highest common divisor of z and 7995.
195
Let l = -33 + 32. Let a(i) = -175*i**3 + i**2 + 2*i + 1. Let n be a(l). Suppose 5*w + 0*w - n = 0. Calculate the greatest common factor of 7 and w.
7
Suppose -58*s + 701 = -1387. Calculate the highest common factor of 2097 and s.
9
Let a be (-27)/(4/8*-2). Suppose 14 = d + 4*b, -5*b - 9 = -3*d + 50. Calculate the greatest common factor of d and a.
9
Let p be (-15)/10*11*-2. Suppose -p*c = -30*c - 207. Calculate the highest common divisor of c and 92.
23
Suppose -3*w = 5*z - 7*w - 1517, -4*z = 5*w - 1189. What is the greatest common divisor of z and 133?
7
Let p = 1035 - 676. What is the greatest common divisor of 1 and p?
1
Let y(z) = 22*z + 15. Let h be 0 + 6 - (72 - 80). Let x be y(h). Calculate the highest common divisor of 68 and x.
17
Let f be -2 - -1 - (36518/(-95) + (-18)/30). Calculate the highest common divisor of f and 240.
48
Let y = -35 - -36. Let z be (y + 2)*64/6. Suppose -o - 394 = -402. What is the greatest common divisor of z and o?
8
Let h(i) = 82*i - 878. Let f be h(11). What is the greatest common divisor of 4332 and f?
12
Let u(s) = s**3 - 8*s**2 - 3*s - 11. Let c be u(9). Let n = 54647 + -54088. What is the highest common divisor of n and c?
43
Let c(o) = o**2 - 3*o - 2. Let z be c(5). Let w be (2/(-8))/(11/(-5984)*1). What is the greatest common divisor of w and z?
8
Let m = -33 + 38. Suppose 2*n - 66 = -g, -g + 65 = 4*n - 7. What is the highest common factor of g and m?
5
Suppose -b + 0*b - 4 = -4*i, 2*i - 6 = 0. Calculate the greatest common factor of b and 88.
8
Let y = 2972 - 2964. Calculate the greatest common factor of y and 22.
2
Let g = -9919 + 9975. Calculate the highest common factor of g and 384.
8
Suppose 0 = 4*y + 20, 2*u = 7*u - 3*y - 40. Suppose -u*w = 2*b - 170, w + 2*b - 15 = 19. What is the greatest common divisor of 2 and w?
2
Let h = 74 + -50. Let a(g) = -18 - 5*g**2 - 23*g - g**2 + 5*g**2 + 36. Let n be a(-21). What is the highest common factor of h and n?
12
Suppose -28 = -18*m + 11*m. Let b(w) = -2*w**2 + 135*w - 564. Let g be b(62). Calculate the greatest common factor of m and g.
2
Let g(c) = -c**3 - 84*c**2 + 174*c + 243. Let n be g(-86). Calculate the highest common factor of 1207 and n.
71
Let z = -24122 + 24203. Calculate the greatest common factor of 468 and z.
9
Let q = 13761 + -8987. What is the greatest common divisor of q and 77?
77
Let l(f) = -f**3 + 4*f**2 + 15*f + 2. Let x be l(-3). Suppose -x*y = -2177 + 197. What is the greatest common factor of y and 18?
9
Let l(w) = -w**2 - 171*w + 4178. Let s be l(21). Let g = 796 - 285. What is the highest common factor of s and g?
73
Suppose -4*w + 432 - 32 = 0. Suppose 0*t - w = -5*t. Suppose 0 = 2*s - 42 - t. Calculate the highest common divisor of s and 341.
31
Let v be 3/4*80/60. Calculate the greatest common factor of v and 8.
1
Let o = 1610 - 298. Calculate the highest common factor of 123 and o.
41
Suppose 12*n = -14*n - 2418. Let j = n + 125. Calculate the highest common divisor of j and 48.
16
Let y be (0 + 24)/(12/8). Let b(s) = -2*s**2 + 164*s + 360. Let d be b(84). What is the greatest common divisor of y and d?
8
Let q = 95 + -97. Let r be 54 - (8/10)/(q/5). Calculate the highest common divisor of r and 14.
14
Suppose -322*j + 284*j = -9272. What is the highest common divisor of j and 12?
4
Suppose -620 + 630 = 5*r. Suppose -5*w + r*s = -1520, 0*s - 5*s = -25. What is the highest common divisor of 36 and w?
18
Let z = -229 + 424. Let k(p) = -p**2 - 44*p + 107. Let d be k(-46). What is the highest common divisor of d and z?
15
Let d(n) = n**3 + 2*n**2 - n - 4. Let q be d(-5). Let c = -50 - q. Let t = -2504 + 2512. What is the greatest common factor of t and c?
8
Suppose 356*o + 8328175 = 801*o. Calculate the greatest common factor of 190 and o.
95
Suppose 3*n - 3*m + 163 = -68, 0 = -2*m. Let o = 89 + n. Calculate the greatest common divisor of 108 and o.
12
Let d(z) = -56*z - 9. Let o be (2*(-20)/(-16))/(5/4). Let i be d(o). Let q be i/(-2) + -3 + (-5)/(-2). Calculate the highest common divisor of q and 48.
12
Let o(x) = -x**2 - 35*x + 39. Let d be o(-36). Suppose 1 = a, -57 = 3*m - 5*m + d*a. What is the highest common divisor of 24 and m?
6
Suppose 8*u - 23 = 58 + 231. Suppose -3*n - r + 394 = -5*r, n + r - 129 = 0. What is the highest common factor of u and n?
13
Let p = -1798 + 1871. Calculate the highest common factor of p and 1971.
73
Let l be 11096/88 + (-9)/99. What is the greatest common factor of 952 and l?
14
Let r(x) = 7*x**3 + 3*x**2 - 7*x + 2. Let n be ((-4)/7)/((-6)/21). Let a be r(n). What is the highest common factor of 560 and a?
56
Suppose -1436*b + 64*b = -96040. Suppose 3*g = t - 23, -5*t + 9*g + 105 = 4*g. What is the highest common divisor of b and t?
10
Let j be (-9*(-6)/(-18))/((-12)/316). Suppose -5*k + 2*k = -5*f - 183, 305 = 5*k - 4*f. Suppose -j - k = -4*g. What is the greatest common divisor of 5 and g?
5
Suppose 4*o = -4*j - 0 + 44, o = 3*j - 45. What is the highest common factor of 21 and j?
7
Let k be (47/15)/((-226)/(-1130))*1*909. What is the highest common factor of k and 404?
101
Let l be 1 + 69 + 6/3. Suppose -4*v - 1207 = 31*n - 34*n, 0 = -n - v + 393. Let g = n + -388. What is the greatest common factor of g and l?
9
Let i be (400/15)/((-250)/(-900)). Supp